et q = 167613 + -108944. What is the ten thousands digit of q?
5
Let j(v) = v**3 - 60*v**2 + 27*v - 170. What is the tens digit of j(60)?
5
Let m = -4082 + 10367. What is the units digit of m?
5
Suppose -16 + 48 = 8*w. Suppose 0*b = -5*b - 25, 5*a = w*b + 20. Suppose -3*u = 2*p + u - 46, 4*u + 8 = a. What is the units digit of p?
7
Let w be ((-2)/2 + 40/25)*15. Let u be 0/(5/(w + -4)). Suppose u = 12*m - 8*m - 452. What is the tens digit of m?
1
Suppose 3*n - 2*b - 277 = 2*b, -4*n - 2*b = -340. Suppose 0 = -4*z - 3*x - n, 2*z + 3*z = 2*x - 103. What is the units digit of z/((-28)/4) + (226 - -1)?
0
Let i = 167769 + -117092. What is the hundreds digit of i?
6
What is the ten thousands digit of ((3 - -2) + -41142)*-1?
4
Let x = 345 + -366. What is the units digit of -89*267/x + (-132)/(-308)?
2
Let o(s) = -30*s + 5*s**3 + 15*s + s**3 - 2*s**2 + 22. Let m(q) = q**3 + q**2 + 1. Let y(c) = -5*m(c) + o(c). What is the units digit of y(9)?
4
Suppose 8 = -5*z + 33. Suppose z*j + 132 = j. Let m = j - -75. What is the tens digit of m?
4
Suppose -c = -3*x - 3, 7*c - 5*x = 2*c + 15. Suppose g - 260 = c*k - k, 1352 = 5*g + 3*k. What is the units digit of g?
8
Suppose 1018*m - 711846 = 947*m. What is the hundreds digit of m?
0
What is the units digit of 36737 + (-3 - 24/(5 + -2))?
6
Let i be 9/(-3) + 1 - 0. What is the units digit of ((-4)/(-6))/(i/(-777))?
9
Suppose -3*w - 2*w + a + 15 = 0, -3*w - 14 = 4*a. Suppose w*p + 0*p = 242. What is the hundreds digit of p?
1
Suppose -38*t + y + 116367 = -35*t, -3*y = -t + 38781. What is the thousands digit of t?
8
Let j(c) = -20*c + 7. Let v be j(7). Let l be (-47360)/384*(-6)/(-4). Let m = v - l. What is the tens digit of m?
5
Let c(j) = -587*j + 3649. What is the hundreds digit of c(-60)?
8
Suppose -1057*k = -1093*k + 318744. What is the hundreds digit of k?
8
Suppose -6*q - q + 819 = 0. Let m = q - 110. Suppose -m*n = 2*n - 1764. What is the units digit of n?
6
Let j(y) = y + 1. Let c be (6/(-2) - -2)*(2 - 4). Let d be j(c). What is the units digit of 2*d/6 + (-49)/(-7)?
8
Suppose -z + 5*z = -3*c + 170585, -4*c = 4*z - 170576. What is the ten thousands digit of z?
4
Let s = 1943 - 972. Let b = s + -124. What is the tens digit of b?
4
Suppose 1246001 = 102*w - 242281. What is the units digit of w?
1
Let b be -321*((-4)/16 + (-19)/(-12)). Let n = b - -812. What is the hundreds digit of n?
3
Let w(u) = -u**2 - 10*u - 12. Let d be w(-8). Let x(s) = -7*s + 14. Let a(g) = -25*g + 43. Let n(k) = -6*a(k) + 19*x(k). What is the tens digit of n(d)?
7
Let h(j) = 33*j - 2. Let z = -245 + 113. Let q be (0/(-2) - -3)/((-99)/z). What is the hundreds digit of h(q)?
1
Let u(s) be the first derivative of -7*s**2/2 - 30*s + 19. What is the tens digit of u(-8)?
2
Let u(j) = 3*j**2 - 7*j - 36. Let b be u(-6). Let r = 351 - b. What is the tens digit of r?
3
What is the tens digit of -6 + ((-174522)/(-18) + -3)/((-8)/(-12))?
3
Suppose -6898 = -5*m + 2797. Let s = 2716 - m. What is the tens digit of s?
7
Let c(l) = 8*l**2 - l - 4. Let p(r) = -4*r - 16. Let d be p(-4). Suppose -10 = -5*o - 2*m, o + d*m = -4*m - 16. What is the tens digit of c(o)?
2
Suppose 56 = 4*r - 4*b, -3*r + 50 = 4*b - 3*b. Suppose 8*x - r = 16. Suppose x*h = 4*g + 316, -g + 3*g - 88 = -h. What is the units digit of h?
2
Suppose -13*h - 2*k = -11*h - 13264, -h - 5*k = -6616. What is the tens digit of h?
3
Let a = -102 + 142. Suppose k - 617 - a = -4*r, 2 = 2*k. What is the tens digit of r?
6
Suppose 4*w = 5*o + 12, 2*w + 0*w - 2*o - 6 = 0. Suppose 165 = w*r + 4*d, 0*d + d = 3*r - 165. What is the units digit of (-22)/r - (-322)/5?
4
What is the units digit of ((-1992)/96 - -14)*-8044?
7
Suppose -5*w + 5*a = -9*w + 14648, 0 = -2*w - 4*a + 7324. What is the units digit of w?
2
Suppose 7*u - 212*u = 200*u - 10521495. What is the tens digit of u?
7
Suppose 0 = -3*q - 6*v + 5*v + 48738, -4*q = -3*v - 64971. What is the tens digit of q?
4
Let x = 10 + -7. Let r be (3/(-5) + 1)*(-23 - -33). Suppose 3*o = 2*c + 258 + 125, -r*c = x*o - 413. What is the hundreds digit of o?
1
Suppose -4*z - 5*o = -44628, 4*z - 60*o = -63*o + 44628. What is the tens digit of z?
5
Let k(p) = 4*p + 7. Let s be k(10). Suppose -4*a + s - 31 = 0. Suppose a*x - 111 - 285 = 0. What is the tens digit of x?
9
Let z = -4068 + 14815. What is the ten thousands digit of z?
1
Let h = 407 + -218. Let i be ((-12)/(-24))/(-1 - (-3)/6). What is the tens digit of h/2 + i/(-2)?
9
Let m = 607 - 292. Suppose p - m - 596 = 0. What is the tens digit of p?
1
Suppose -1979 = -10*h - 10749. Let q = -584 - h. What is the units digit of q?
3
Let s be (-1413)/6*(-4)/6. Suppose -14*z - s = -6569. What is the units digit of z?
8
Let d(j) = -13*j - 3 + 30*j - 11*j. Suppose -15 = -4*s + 5. What is the units digit of d(s)?
7
Let c = -73 - -75. Suppose c*z - 119 - 167 = 0. Suppose 5*u = v + 315, -5*v = 2*u - 2*v - z. What is the tens digit of u?
6
Let t = 23930 - 7431. What is the units digit of t?
9
Let a(x) = 8*x**2 - 165*x + 242. What is the tens digit of a(33)?
0
Suppose -2182110 - 1319659 = -358*c + 135*c. What is the tens digit of c?
0
Let m(y) = -131*y - 3. Let a(x) = -525*x - 12. Let l(z) = 2*a(z) - 9*m(z). Let g(q) = -65*q - 1. Let i(r) = -9*g(r) - 4*l(r). What is the tens digit of i(1)?
6
Let r be (-770)/242 + (-2)/(-11) + 3. What is the tens digit of (-5118)/(-6) - r*2/6?
5
Let q(s) = s - 4. Let i be q(-18). What is the tens digit of (-3 + -3 + i)*(-7)/2?
9
Let c(b) = -4*b + 20. Let r be c(5). Suppose r = v - 4*v. Let t = v + 42. What is the units digit of t?
2
Let s = -69028 - -131500. What is the units digit of s?
2
Suppose -4*k + 8*k - 184 = 0. Suppose -k*j = -44*j - 1026. Suppose 4*r - 5*m - j = 0, m - 332 = -4*r + 175. What is the units digit of r?
7
Suppose u + u - 21 = -5*h, 5*h = u - 3. Suppose 1365 = u*p + 5*p. Suppose -42 = -3*k + p. What is the units digit of k?
9
Let j = -524 + 875. Let i be 1/1 + (4 - -201) + -8. Let m = j - i. What is the units digit of m?
3
Let w(y) be the third derivative of y**6/120 - 7*y**5/60 - 3*y**4/8 + 17*y**3/6 + 9*y**2. Let v be w(8). Suppose 324 + 927 = v*l. What is the tens digit of l?
3
Suppose -58*g + 57*g = -3. Let r(h) = -g*h + 2 - 5 + 4. What is the tens digit of r(-17)?
5
Let f(x) = x**3 - 28*x**2 - 58*x - 578. What is the tens digit of f(37)?
9
Let q = -80 - -31. Let f = -41 - q. Suppose -5*p - 162 = -f*p. What is the units digit of p?
4
Let f(t) = 27*t**2 - 15*t - 31. Let q be f(-17). Suppose 15*n - q = 328. What is the units digit of n?
7
Let m = 1812 - -6795. What is the thousands digit of m?
8
Let q(j) = -5*j**2 - 713*j - 564. What is the hundreds digit of q(-78)?
6
Suppose 3*r - 8624 - 1261 = 0. What is the units digit of r?
5
Let o(y) = -y**3 - 14*y**2 + 16*y + 17. Let b be o(-15). Suppose 3*s + b*h - 1449 = 0, s - h = -6*h + 483. What is the tens digit of s?
8
Let y(t) = -68*t**2 - 9*t - 14. Let r be y(-4). Let n = 1533 + r. What is the units digit of n?
7
Let s = -190 - -188. What is the units digit of 1 - ((s - 0) + -2)?
5
Let g = 1857 + -3620. Let w = g - -2570. What is the units digit of (w/2)/(6/4)?
9
Suppose -2074 = -6*x + 368. Let t = x + -204. Suppose -25 = -3*g + t. What is the units digit of g?
6
Let l(m) = 2619*m - 2045. What is the units digit of l(7)?
8
Let l(g) = 3*g**3 + 18*g**2 + g - 10. Let x(v) = -2*v**2 - 1. Let z(u) = -l(u) - 3*x(u). What is the tens digit of z(-8)?
8
What is the hundreds digit of 13*6*7210/84?
6
Let i = 7 + -7. Suppose i = 3*j - 3*a - 978, 8*j = 12*j - 2*a - 1294. What is the units digit of j?
1
Let b(r) = 3*r - r + 11 - 3*r - 12*r**2 - r**3. Let t be b(-12). What is the tens digit of t/(-23) - ((-198)/2 + -1)?
9
Suppose 3*k + 14 = 4*k - 2*t, -2*k - 4*t - 12 = 0. Suppose k*i = 2375 - 123. What is the units digit of i?
3
Let k be (16/10)/((-5)/25). What is the tens digit of (-1*(-6)/k)/(1/(-316))?
3
Suppose -19*f = -254 + 273. Let n(g) = -g + 1. Let m(t) = 146*t + 6. Let p(w) = -m(w) + 4*n(w). What is the units digit of p(f)?
8
Suppose 4*r - 4*z + 105 = 5, -20 = -5*z. Let m be r/2*(-32)/6. What is the units digit of 5558/m + 2/(-8)?
9
Suppose -92475 = -29*p - 28*p + 2062467. What is the thousands digit of p?
7
Suppose 3*a - 144 = 30. Let o = -55 + a. Suppose -j = -o*u - 5 - 8, 0 = 5*j - 2*u - 91. What is the tens digit o